35681.
31, 1151
List the prime factors of 552.
2, 3, 23
What are the prime factors of 3409?
7, 487
List the prime factors of 58423.
37, 1579
List the prime factors of 17833.
17, 1049
What are the prime factors of 17480?
2, 5, 19, 23
What are the prime factors of 139795?
5, 73, 383
What are the prime factors of 47278?
2, 7, 11, 307
What are the prime factors of 2088?
2, 3, 29
List the prime factors of 12144.
2, 3, 11, 23
What are the prime factors of 5041?
71
What are the prime factors of 11540?
2, 5, 577
What are the prime factors of 93162?
2, 3, 15527
List the prime factors of 240.
2, 3, 5
What are the prime factors of 706?
2, 353
List the prime factors of 8679.
3, 11, 263
List the prime factors of 15788.
2, 3947
What are the prime factors of 27342?
2, 3, 7, 31
What are the prime factors of 7?
7
List the prime factors of 24105.
3, 5, 1607
What are the prime factors of 1646?
2, 823
List the prime factors of 97.
97
What are the prime factors of 1248?
2, 3, 13
List the prime factors of 23460.
2, 3, 5, 17, 23
List the prime factors of 3094.
2, 7, 13, 17
What are the prime factors of 1120?
2, 5, 7
What are the prime factors of 799?
17, 47
What are the prime factors of 1615?
5, 17, 19
What are the prime factors of 3120?
2, 3, 5, 13
What are the prime factors of 156443?
7, 22349
List the prime factors of 17692.
2, 4423
List the prime factors of 21893.
21893
List the prime factors of 14798.
2, 7, 151
List the prime factors of 886.
2, 443
What are the prime factors of 2046?
2, 3, 11, 31
What are the prime factors of 7847?
7, 19, 59
List the prime factors of 100.
2, 5
List the prime factors of 3103.
29, 107
List the prime factors of 6147.
3, 683
What are the prime factors of 26079?
3, 8693
What are the prime factors of 1067?
11, 97
What are the prime factors of 2474?
2, 1237
What are the prime factors of 2350?
2, 5, 47
List the prime factors of 5971.
7, 853
What are the prime factors of 1356?
2, 3, 113
What are the prime factors of 9138?
2, 3, 1523
What are the prime factors of 70673?
29, 2437
List the prime factors of 11236.
2, 53
What are the prime factors of 15388?
2, 3847
What are the prime factors of 14371?
7, 2053
List the prime factors of 86415.
3, 5, 7, 823
What are the prime factors of 5196?
2, 3, 433
List the prime factors of 8407.
7, 1201
What are the prime factors of 631?
631
What are the prime factors of 3120?
2, 3, 5, 13
List the prime factors of 19649.
7, 401
List the prime factors of 1338.
2, 3, 223
What are the prime factors of 399?
3, 7, 19
What are the prime factors of 1000?
2, 5
What are the prime factors of 4665?
3, 5, 311
What are the prime factors of 4857?
3, 1619
What are the prime factors of 46826?
2, 13, 1801
List the prime factors of 78043.
7, 11149
List the prime factors of 517.
11, 47
List the prime factors of 1115.
5, 223
List the prime factors of 951.
3, 317
What are the prime factors of 5493?
3, 1831
List the prime factors of 4377.
3, 1459
What are the prime factors of 28792?
2, 59, 61
What are the prime factors of 19461?
3, 13, 499
List the prime factors of 100937.
100937
What are the prime factors of 20373?
3, 6791
What are the prime factors of 53057?
17, 3121
List the prime factors of 3182.
2, 37, 43
What are the prime factors of 30785?
5, 47, 131
List the prime factors of 158920.
2, 5, 29, 137
What are the prime factors of 1558?
2, 19, 41
List the prime factors of 2095.
5, 419
List the prime factors of 9455.
5, 31, 61
List the prime factors of 3500.
2, 5, 7
List the prime factors of 24220.
2, 5, 7, 173
List the prime factors of 7466.
2, 3733
List the prime factors of 37560.
2, 3, 5, 313
List the prime factors of 8786.
2, 23, 191
What are the prime factors of 128699?
41, 43, 73
List the prime factors of 14292.
2, 3, 397
List the prime factors of 3985.
5, 797
List the prime factors of 13748.
2, 7, 491
List the prime factors of 568.
2, 71
What are the prime factors of 974?
2, 487
What are the prime factors of 3708?
2, 3, 103
List the prime factors of 7551.
3, 839
List the prime factors of 102116.
2, 7, 521
List the prime factors of 45118.
2, 17, 1327
What are the prime factors of 1812?
2, 3, 151
List the prime factors of 3375.
3, 5
What are the prime factors of 35496?
2, 3, 17, 29
What are the prime factors of 1053?
3, 13
List the prime factors of 218.
2, 109
What are the prime factors of 16775?
5, 11, 61
What are the prime factors of 28875?
3, 5, 7, 11
What are the prime factors of 207?
3, 23
What are the prime factors of 34710?
2, 3, 5, 13, 89
What are the prime factors of 1041?
3, 347
What are the prime factors of 5795?
5, 19, 61
List the prime factors of 3197.
23, 139
List the prime factors of 214.
2, 107
What are the prime factors of 85401?
3, 3163
What are the prime factors of 11558?
2, 5779
What are the prime factors of 7919?
7919
List the prime factors of 1306.
2, 653
List the prime factors of 16581.
3, 5527
What are the prime factors of 103759?
19, 43, 127
What are the prime factors of 3005?
5, 601
What are the prime factors of 722?
2, 19
What are the prime factors of 93510?
2, 3, 5, 1039
What are the prime factors of 1590?
2, 3, 5, 53
List the prime factors of 1083.
3, 19
What are the prime factors of 1114?
2, 557
What are the prime factors of 2046?
2, 3, 11, 31
What are the prime factors of 3065?
5, 613
What are the prime factors of 31677?
3, 10559
What are the prime factors of 24051?
3, 8017
What are the prime factors of 8629?
8629
What are the prime factors of 3011?
3011
List the prime factors of 2704.
2, 13
What are the prime factors of 13801?
37, 373
What are the prime factors of 24042?
2, 3, 4007
List the prime factors of 18356.
2, 13, 353
List the prime factors of 4000.
2, 5
List the prime factors of 18661.
18661
List the prime factors of 5523.
3, 7, 263
What are the prime factors of 84239?
84239
What are the prime factors of 5404?
2, 7, 193
List the prime factors of 41628.
2, 3, 3469
What are the prime factors of 1954?
2, 977
What are the prime factors of 39983?
39983
What are the prime factors of 361?
19
List the prime factors of 3384.
2, 3, 47
What are the prime factors of 3443?
11, 313
What are the prime factors of 1051?
1051
What are the prime factors of 83576?
2, 31, 337
List the prime factors of 9137.
9137
List the prime factors of 14243.
14243
What are the prime factors of 14880?
2, 3, 5, 31
What are the prime factors of 6156?
2, 3, 19
List the prime factors of 6674.
2, 47, 71
What are the prime factors of 33936?
2, 3, 7, 101
List the prime factors of 425.
5, 17
List the prime factors of 14781.
3, 13, 379
List the prime factors of 1045.
5, 11, 19
List the prime factors of 18981.
3, 19, 37
What are the prime factors of 3533?
3533
List the prime factors of 549.
3, 61
What are the prime factors of 441?
3, 7
What are the prime factors of 29703?
3, 9901
What are the prime factors of 1189?
29, 41
List the prime factors of 1117.
1117
List the prime factors of 154153.
154153
List the prime factors of 4301.
11, 17, 23
List the prime factors of 505.
5, 101
What are the prime factors of 828?
2, 3, 23
List the prime factors of 1872.
2, 3, 13
What are the prime factors of 195?
3, 5, 13
What are the prime factors of 11522?
2, 7, 823
What are the prime factors of 36009?
3, 4001
What are the prime factors of 3211?
13, 19
List the prime factors of 861.
3, 7, 41
What are the prime factors of 54658?
2, 27329
List the prime factors of 80736.
2, 3, 29
What are the prime factors of 740?
2, 5, 37
What are the prime factors of 3003?
3, 7, 11, 13
What are the prime factors of 36130?
2, 5, 3613
List the prime factors of 25648.
2, 7, 229
List the prime factors of 4942.
2, 7, 353
What are the prime factors of 915?
3, 5, 61
What are the prime factors of 1592?
2, 199
List the prime factors of 12218.
2, 41, 149
List the prime factors of 118858.
2, 67, 887
What are the prime factors of 788?
2, 197
List the prime factors of 131309.
19, 6911
List the prime factors of 1114.
2, 557
What are the prime factors of 37982?
2, 7, 2713
List the prime factors of 2569.
7, 367
What are the prime factors of 941?
941
List the prime factors of 5468.
2, 1367
What are the prime factors of 4047?
3, 19, 71
List the prime factors of 1537.
29, 53
List the prime factors of 70.
2, 5, 7
What are the prime factors of 12749?
11, 19, 61
What are the 